{"id":194,"date":"2019-01-27T17:46:25","date_gmt":"2019-01-27T16:46:25","guid":{"rendered":"http:\/\/192.168.178.128\/Wordpress\/?page_id=194"},"modified":"2025-12-11T17:31:49","modified_gmt":"2025-12-11T16:31:49","slug":"beratungsstelle","status":"publish","type":"page","link":"http:\/\/www.schwerhoerigenverein-kassel.de\/?page_id=194","title":{"rendered":"Beratungsstelle"},"content":{"rendered":"<h2>Beratung &#8211; f\u00fcr wen?<\/h2>\n<p>F\u00fcr alle, die Probleme durch ihr nachlassendes Geh\u00f6r haben. Hier helfen oft ein kl\u00e4rendes Gespr\u00e4ch und auch die Kenntnis \u00fcber m\u00f6gliche Hilfsmittel sowie auch \u00fcber die aktuelle Gesetzeslage. <strong>Die Beratung ist f\u00fcr alle Ratsuchenden kostenlos &#8211; unabh\u00e4ngig von einer Vereinsmitgliedschaft.<\/strong><\/p>\n<h2>Hilfestellung<\/h2>\n<p>Auch wer bereits H\u00f6rger\u00e4te oder ein CI (Cochlea-Implantat) tr\u00e4gt, st\u00f6\u00dft oftmals an seine Grenzen. Trotzdem besteht vielfach die M\u00f6glichkeit, mittels technischer Zusatzger\u00e4te z. B. den Fernseh- und Radioton zu verstehen oder Telefon- und T\u00fcrklingel &#8222;sichtbar&#8220; zu machen. Auch Theater und Kino sowie Vortr\u00e4ge, Kirchenbesuche u. a. werden wieder interessant, wenn man wei\u00df, welche Hilfsmittel es gibt, wo diese vorhanden und wie sie zu bedienen sind.<\/p>\n<p><strong>F\u00fcr Ihre Fragen stehen wir Ihnen telefonisch unter 0561 \/ 22 07 81 90 zur Verf\u00fcgung <\/strong>(weitgehend Anrufbeantworter, R\u00fcckruf). Bitte haben Sie Verst\u00e4ndnis, dass wir nur auf Festnetz-Nummern zur\u00fcckrufen. Bitte nennen Sie uns Ihr Anliegen und geben Sie an, zu welchen Zeiten wir Sie am g\u00fcnstigsten telefonisch erreichen.<\/p>\n<p>Sie k\u00f6nnen aber auch gern unseren Vorstand direkt unter den privaten Ruf-Nummern kontaktieren: Birgit N\u00fcrnberger-Hagedorn (0175 \/ 99 65 231) oder Monika Wetzel (0561 \/ 288 60 67). <strong>Per E-Mail erreichen Sie uns jederzeit unter beratung@schwerhoerigenverein-kassel.de.<\/strong><\/p>\n<p>Wir freuen \u00fcber Ihre Kontaktaufnahme.<\/p>\n","protected":false},"excerpt":{"rendered":"<p>Beratung &#8211; f\u00fcr wen? F\u00fcr alle, die Probleme durch ihr nachlassendes Geh\u00f6r haben. Hier helfen oft ein kl\u00e4rendes Gespr\u00e4ch und auch die Kenntnis \u00fcber m\u00f6gliche Hilfsmittel sowie auch \u00fcber die aktuelle Gesetzeslage. Die Beratung ist f\u00fcr alle Ratsuchenden kostenlos &#8211; unabh\u00e4ngig von einer Vereinsmitgliedschaft. Hilfestellung Auch wer bereits H\u00f6rger\u00e4te oder ein CI (Cochlea-Implantat) tr\u00e4gt, st\u00f6\u00dft [&hellip;]<\/p>\n","protected":false},"author":1,"featured_media":0,"parent":0,"menu_order":0,"comment_status":"closed","ping_status":"closed","template":"","meta":{"_mc_calendar":[],"footnotes":""},"class_list":["post-194","page","type-page","status-publish","czr-hentry"],"_links":{"self":[{"href":"http:\/\/www.schwerhoerigenverein-kassel.de\/index.php?rest_route=\/wp\/v2\/pages\/194","targetHints":{"allow":["GET"]}}],"collection":[{"href":"http:\/\/www.schwerhoerigenverein-kassel.de\/index.php?rest_route=\/wp\/v2\/pages"}],"about":[{"href":"http:\/\/www.schwerhoerigenverein-kassel.de\/index.php?rest_route=\/wp\/v2\/types\/page"}],"author":[{"embeddable":true,"href":"http:\/\/www.schwerhoerigenverein-kassel.de\/index.php?rest_route=\/wp\/v2\/users\/1"}],"replies":[{"embeddable":true,"href":"http:\/\/www.schwerhoerigenverein-kassel.de\/index.php?rest_route=%2Fwp%2Fv2%2Fcomments&post=194"}],"version-history":[{"count":32,"href":"http:\/\/www.schwerhoerigenverein-kassel.de\/index.php?rest_route=\/wp\/v2\/pages\/194\/revisions"}],"predecessor-version":[{"id":1028,"href":"http:\/\/www.schwerhoerigenverein-kassel.de\/index.php?rest_route=\/wp\/v2\/pages\/194\/revisions\/1028"}],"wp:attachment":[{"href":"http:\/\/www.schwerhoerigenverein-kassel.de\/index.php?rest_route=%2Fwp%2Fv2%2Fmedia&parent=194"}],"curies":[{"name":"wp","href":"https:\/\/api.w.org\/{rel}","templated":true}]}}