{"id":209,"date":"2019-01-27T18:02:10","date_gmt":"2019-01-27T17:02:10","guid":{"rendered":"http:\/\/192.168.178.128\/Wordpress\/?page_id=209"},"modified":"2025-01-17T15:07:11","modified_gmt":"2025-01-17T14:07:11","slug":"gruppe-30-plus","status":"publish","type":"page","link":"http:\/\/www.schwerhoerigenverein-kassel.de\/?page_id=209","title":{"rendered":"Gruppe &#8222;30 Plus&#8220;"},"content":{"rendered":"<p>Die Gruppe &#8222;30 Plus&#8220; ist der Treffpunkt f\u00fcr die j\u00fcngere Generation. Der Name &#8222;30 Plus&#8220; sollte hier nicht so eng gesehen werden. Es geht hier haupts\u00e4chlich um h\u00f6rgesch\u00e4digte Damen und Herren zwischen ca. 30 und 65 Jahren, aber auch f\u00fcr noch j\u00fcngere. Viele von ihnen haben Probleme im Beruf. Wir wollen f\u00fcr diese ein Anlaufstelle f\u00fcr ihre Fragen sein, gleichzeitig aber auch einen Erfahrungsaustausch und die M\u00f6glichkeit eines geselligen Zusammenseins bieten. Eine kleine Gruppe hat sich inzwischen gefunden. Wir w\u00fcrden uns aber \u00fcber eine gr\u00f6\u00dfere Beteiligung freuen.<\/p>\n<p>J\u00fcngere H\u00f6rgesch\u00e4digte setzen, wie gut H\u00f6rende in diesem Alter auch, andere Priorit\u00e4ten hinsichtlich ihrer Freizeitgestaltung als \u00c4ltere. In \u00f6ffentlichen Veranstaltungen oder auch im Restaurant sind sie aber vielfach wegen ihrer Schwerh\u00f6rigkeit bei den Gespr\u00e4chen au\u00dfen vor. H\u00f6rger\u00e4te, auch wenn sie noch so gut und teuer sind, sto\u00dfen in unruhiger Umgebung vielfach an ihre Grenzen. Gleiches gilt f\u00fcr CI-Tr\u00e4ger.<\/p>\n<p>Gemeinsam mit Ihnen m\u00f6chten wir es erm\u00f6glichen, dass auch diese Gruppe sich im gemeinsamen Gespr\u00e4ch wohl f\u00fchlt. Das geht vor allem durch Gespr\u00e4chsdisziplin &#8211; es spricht jeweils nur eine\/r. Au\u00dferdem steht uns eine eigene Funk-H\u00f6ranlage zur Verf\u00fcgung.<\/p>\n<p>Die Treffen finden i. d. R. am zweiten Mittwoch in den ungeraden Monaten in den R\u00e4umen des Gemeindezentrums Lukaskirche, Leuschnerstr. 40, 34134 Kassel, statt, jeweils von 18:30 bis ca. 20:30 Uhr. Besondere Themen werden nicht festgelegt. Sie ergeben sich automatisch aus den Fragen der Teilnehmer. Wir freuen uns aber auch, wenn Sie uns vorab Ihre W\u00fcnsche mitteilen.<\/p>\n<p>Getr\u00e4nke und ein kleiner Imbiss stehen gegen eine kleine Spende zugunsten des Vereins zur Verf\u00fcgung. Wir bitten um vorherige Anmeldung (mindestens einen Tag vorher) unter info@schwerhoerigenverein-kassel.de oder 0175 \/ 99 65 231 (Birgit N\u00fcrnberger-Hagedorn).<\/p>\n<p>Die Termine finden Sie hier auf unserer Homepage unter &#8222;Termine&#8220; und werden auch in der \u00f6rtlichen Presse bekannt gegeben.<\/p>\n<p>Stand: Januar 2025<\/p>\n","protected":false},"excerpt":{"rendered":"<p>Die Gruppe &#8222;30 Plus&#8220; ist der Treffpunkt f\u00fcr die j\u00fcngere Generation. Der Name &#8222;30 Plus&#8220; sollte hier nicht so eng gesehen werden. Es geht hier haupts\u00e4chlich um h\u00f6rgesch\u00e4digte Damen und Herren zwischen ca. 30 und 65 Jahren, aber auch f\u00fcr noch j\u00fcngere. Viele von ihnen haben Probleme im Beruf. Wir wollen f\u00fcr diese ein Anlaufstelle [&hellip;]<\/p>\n","protected":false},"author":1,"featured_media":0,"parent":0,"menu_order":0,"comment_status":"closed","ping_status":"closed","template":"","meta":{"_mc_calendar":[],"footnotes":""},"class_list":["post-209","page","type-page","status-publish","czr-hentry"],"_links":{"self":[{"href":"http:\/\/www.schwerhoerigenverein-kassel.de\/index.php?rest_route=\/wp\/v2\/pages\/209","targetHints":{"allow":["GET"]}}],"collection":[{"href":"http:\/\/www.schwerhoerigenverein-kassel.de\/index.php?rest_route=\/wp\/v2\/pages"}],"about":[{"href":"http:\/\/www.schwerhoerigenverein-kassel.de\/index.php?rest_route=\/wp\/v2\/types\/page"}],"author":[{"embeddable":true,"href":"http:\/\/www.schwerhoerigenverein-kassel.de\/index.php?rest_route=\/wp\/v2\/users\/1"}],"replies":[{"embeddable":true,"href":"http:\/\/www.schwerhoerigenverein-kassel.de\/index.php?rest_route=%2Fwp%2Fv2%2Fcomments&post=209"}],"version-history":[{"count":16,"href":"http:\/\/www.schwerhoerigenverein-kassel.de\/index.php?rest_route=\/wp\/v2\/pages\/209\/revisions"}],"predecessor-version":[{"id":956,"href":"http:\/\/www.schwerhoerigenverein-kassel.de\/index.php?rest_route=\/wp\/v2\/pages\/209\/revisions\/956"}],"wp:attachment":[{"href":"http:\/\/www.schwerhoerigenverein-kassel.de\/index.php?rest_route=%2Fwp%2Fv2%2Fmedia&parent=209"}],"curies":[{"name":"wp","href":"https:\/\/api.w.org\/{rel}","templated":true}]}}